ors of ((-42)/4)/(9 - 10101/1118).
7, 43
Suppose 5*b - 6*t - 32209 = -5*t, -5*b + 32221 = t. What are the prime factors of b?
17, 379
Let w(t) be the third derivative of -t**4/12 + 2*t**3 + 31*t**2. Let g be w(-17). Let f = 60 - g. List the prime factors of f.
2, 7
Let x = -130 + 620. Suppose 5*y = 4*o - 0*o - 7, -5 = -o - 2*y. Suppose 4*r + 450 = o*c + 2*c, -5*c - 4*r = -x. List the prime factors of c.
2, 47
Suppose 3*o = 4*a - 21, 5*a + 128 - 155 = 4*o. Suppose -m - 3*i = -375, -2*m - a*i - 1785 = -7*m. What are the prime factors of m?
2, 3, 5
Let k(h) = 10*h - 8 - 7203*h**2 + 49 + 7213*h**2. What are the prime factors of k(12)?
1601
Let m be -2*(-5 + 223 + 4). List the prime factors of 3 + -3 - (m + -8).
2, 113
Suppose 7*x + 15480 = -8*x. Let a = x + 1546. List the prime factors of a.
2, 257
Suppose 3*u - d - 37706 = 0, -12*d = -8*d + 20. What are the prime factors of u?
3, 59, 71
Suppose -3*u = 5*w + 120, 0*u + 5*w + 80 = -2*u. Let c = 46 + u. What are the prime factors of 1*((-7)/(-2) - -3)*c?
3, 13
Suppose -v + 19056 = k + 8*k, 0 = 2*k + 2. List the prime factors of v.
3, 5, 31, 41
Suppose h = w - 646, 5*h = 9*w - 10*w + 688. List the prime factors of w.
653
Suppose 2*y = 7*i - 2*i + 34, 6 = y + 3*i. Suppose -4*o + 28 = y. Suppose 50 = 5*r - 5*k, -2*k + 6 = o. List the prime factors of r.
11
Let w(z) = -334*z**3 + 4*z**2 + 4*z + 1. Let o be w(-1). Suppose -3*d + 649 = -o. List the prime factors of d.
2, 41
Suppose -26*i = -39*i + 2080. Suppose 0 = 3*r + 5*z - i, -4*r + 190 = 10*z - 15*z. List the prime factors of r.
2, 5
Let y be 2*(66/77)/(12/(-21)). List the prime factors of (9 + -6)/(y/(-2524)*4).
631
Suppose -4*t = -2*i - 2, 2*i - 5 - 5 = -2*t. Suppose -4*k + 1904 = -b + 5*b, 4*k = i*b - 1442. What are the prime factors of b?
2, 239
Suppose -s - 30 = -10. Let c = 35 + s. Suppose 2*l + l - c = 0. What are the prime factors of l?
5
What are the prime factors of (179 + 19 - 23)*(-9)/(-15)?
3, 5, 7
Suppose 2*r = 5*s - 3478 + 1108, -2375 = -5*s + r. Suppose 2*l - 5*n = -3*l + 1200, 0 = 2*l - 3*n - s. What are the prime factors of l?
2, 61
Let x be 126/(-210) + (-3)/(-5). Suppose 20*m - 22*m - 2418 = -5*h, -m - 4 = x. List the prime factors of h.
2, 241
Let c = -187 - -183. List the prime factors of (c/3)/(2766/(-918) - -3).
2, 3, 17
Suppose 434*f = 432*f - 452. Let u = f - -465. List the prime factors of u.
239
Let v be (-4)/(-5)*8710/(-52). Let z = v + 960. List the prime factors of z.
2, 7, 59
Let q = 2042 - -3372. List the prime factors of q.
2, 2707
Let x = 690 + 2659. What are the prime factors of x?
17, 197
Suppose 115928 + 140056 = -744*a + 748*a. What are the prime factors of a?
2, 3, 5333
Let z(f) = f**3 - 5*f**2 + 3*f - 5. Suppose 9*p + 4 = 49. Let m be z(p). Suppose -182 = 3*g - m*g. List the prime factors of g.
2, 13
Let q = 869 - -4622. List the prime factors of q.
17, 19
Suppose 2558*x = 2575*x - 56423. List the prime factors of x.
3319
Let m = 146 + -250. Let a be (217/28)/((-2)/m). Suppose 4*k = 33 + a. List the prime factors of k.
109
Suppose -87 = -5*q - c, -2*q + 20 + 16 = c. Suppose 4*l = -2*a + 260, -q*a + 72 = l - 13*a. List the prime factors of l.
2
What are the prime factors of ((-38)/133)/(10/(-436940))?
2, 3121
Let i(c) = -497*c + 24. Let h be i(-10). Let p be h/176 - -6*1/(-16). Let f = p + 53. What are the prime factors of f?
3
Let v be 4/2*(-26)/(-4). Let i(w) be the first derivative of w**3/3 - 13*w**2/2 + 10*w - 9. What are the prime factors of i(v)?
2, 5
Let a(f) = f**3 + 12*f**2 + 11*f - 66. Let o be a(-10). Suppose o*q = 30*q - 4086. List the prime factors of q.
3, 227
Suppose 4*j + 5 - 8 = 3*c, 30 = 5*c + 5*j. Suppose 1010 = x - c*r, -3*x - x + 4024 = 4*r. List the prime factors of x.
19, 53
List the prime factors of 273 + (-12 - -24) - 14.
271
Let n(j) = -4*j + 1372. What are the prime factors of n(-12)?
2, 5, 71
Let o(z) = -13*z - 35. Let x(r) = 38*r + 104. Let v(y) = -7*o(y) - 2*x(y). Let n be v(-6). List the prime factors of n*(-3)/(0 + 1).
3, 53
List the prime factors of ((-123)/(-6))/((-2139)/214 - -10).
41, 107
Let u be (-1 - 10/(-14)) + (-592)/(-112). Suppose -2*q - 132 = -t - 27, -u*q = 4*t + 295. Let o = q + 126. List the prime factors of o.
71
Let g = -102174 + 146423. List the prime factors of g.
44249
Let r(c) = c**3 + 10*c**2 + 22*c - 10. Let j be r(-6). List the prime factors of 382/j*(-5 + 6) - 1.
2, 5, 19
Let g = 6131 - -4842. List the prime factors of g.
10973
Let o be 14/2*29 + 1. Suppose -4*x + 345 = -5*n, 257*n = 253*n + 2*x - 270. Let c = o + n. List the prime factors of c.
139
Let y = -3156 + 12257. What are the prime factors of y?
19, 479
Let m(x) = x**3 + 10*x**2 - 37*x + 30. Let l be m(-13). Suppose l*c = 3*p + 5*c - 899, -3*p + 3*c = -891. What are the prime factors of p?
13, 23
Let m = 172 + 145. Suppose 9*v = m + 430. List the prime factors of v.
83
Suppose -4*q - 36 = 4*y - 7*q, -y = -4*q + 22. Let x be (17 - 1)/4 - y. Let z(n) = 10*n - 26. What are the prime factors of z(x)?
2, 37
Let t = -3480 + 7798. Let c = t - 2828. What are the prime factors of c?
2, 5, 149
Let o(f) = -f**3 + 14*f**2 - 9*f. Suppose -2*y + 2 = -4*h, 2*y = -2*h + 18 - 4. Let l(j) = 6*j**2 - 9*j. Let s be l(h). List the prime factors of o(s).
2, 3, 13
Let d(u) = 16*u**2 + 5*u - 2. Let p be d(8). Let q = p + -452. Suppose 0 = 5*z - 2*n - q, z + 610 = 6*z - 4*n. What are the prime factors of z?
2, 61
What are the prime factors of ((-73527)/2)/(98/28 - 5)?
24509
Let j be (-2)/(4/(-355))*(-72)/(-60). Let v = j - 55. What are the prime factors of v?
2, 79
Let k be -1*71*(-1)/2*2. Suppose -11*i = k - 214. List the prime factors of i.
13
Let p(b) = 74*b**2 - 3*b - 38. List the prime factors of p(-7).
3, 401
Let p(y) = -2*y**2 - 46*y - 44. Let x be p(-22). Let d(s) = s**2 + s + 161. What are the prime factors of d(x)?
7, 23
What are the prime factors of ((-567)/28)/((-7)/3304)*2/4?
3, 59
Suppose 16*b = 10*b + 342. Let c = b - 35. Suppose -2*d + c = -128. List the prime factors of d.
3, 5
Let m(k) = -103*k + 45*k + 11 + 29*k - 125 + 3*k**2. What are the prime factors of m(23)?
2, 13, 31
Let f(b) = -b**3 - 4*b**2 + 6*b + 1. Let a be f(-5). Let v be -30*(a - 10/(-3)). Suppose -62 = -2*x + v. List the prime factors of x.
41
Let z = -112 - -81. Let g be (-31)/z*(5 + 0). Suppose -g*q + 5*h = -1130, q - 97 - 131 = 3*h. What are the prime factors of q?
3, 5
Let c be (-2818)/6 + (25/15 - 2). Let m be (8/(-5))/(2 - (-944)/c). Let d = 297 - m. List the prime factors of d.
109
Let v be ((-16)/(-56) + 584/(-35))*-30. Let z = v + 179. List the prime factors of z.
11, 61
Suppose -a + 116823 = 2*n, 20*n - 5*a = 15*n + 292005. List the prime factors of n.
2, 7, 149
Let i = -6 - -11. Let n(d) = -2*d + 14. Let m be n(i). Suppose 155 = -t + 4*t + m*g, 2*t = -5*g + 101. List the prime factors of t.
53
Let w(h) = 7 - 3*h + 4*h - 4 + 7. Let x be w(-9). List the prime factors of (x - 11/(-2))*(-12 + 36).
2, 3, 13
Let y be (-4)/(-14) - (-9538)/133. Let i = 23 - -29. Let m = y - i. What are the prime factors of m?
2, 5
Let v(p) be the second derivative of 5*p**4/12 + 85*p**3/6 - 27*p**2/2 + 92*p. List the prime factors of v(-21).
3, 131
Let p(t) = 5*t + 11 - 30*t**2 - 27*t**2 + 56*t**2. Let z be p(7). List the prime factors of 15/z + 3 - -46.
2, 11
Let s = 75340 + -36500. What are the prime factors of s?
2, 5, 971
Let n(a) = -9 + 60*a + 50*a - 124*a. What are the prime factors of n(-5)?
61
Let u be -9 + -1*(-1 - 1). List the prime factors of -8 - 348/(-42) - 2154/u.
2, 7, 11
Suppose d = -139 + 932. Let h = -463 + d. List the prime factors of h.
2, 3, 5, 11
Suppose 0 = 3*p - 18*y + 13*y - 189271, 4*p = 16*y + 252324. List the prime factors of p.
63097
Let d(u) = -14*u + 839. Let s(n) = -n**3 - 14*n**2 - 35*n - 22. Let z be s(-11). What are the prime factors of d(z)?
839
Let j(m) = 14 + 20*m**2 - 12 - 5*m**2 + 7*m. Let u be j(-4). Suppose 46 - u = -4*b. List the prime factors of b.
2, 3, 7
Let n(i) = 51*i**2 + 9*i - 322. List the prime factors of n(14).
2, 5, 7
Let t = -263 - -271. Suppose 0 = -4*j + 11*x - t*x + 1799, 0 = j - x - 450. List the prime factors of j.
449
Suppose 1462*x - 1467*x = -2615. Let u be ((-32)/3)/(1/(-24)). Let m = x - u. List the prime factors of m.
3, 89
Suppose -112*a + 180*a - 1754128 = 0. List the prime fact